7?
105
Calculate the remainder when 3403841 is divided by 663.
662
Calculate the remainder when 608646 is divided by 3170.
6
What is the remainder when 17246 is divided by 85?
76
What is the remainder when 12061 is divided by 95?
91
Calculate the remainder when 199019 is divided by 1252.
1203
Calculate the remainder when 283156 is divided by 79.
20
Calculate the remainder when 3994 is divided by 1912.
170
Calculate the remainder when 12268 is divided by 564.
424
Calculate the remainder when 57315 is divided by 322.
321
What is the remainder when 72589 is divided by 24184?
37
What is the remainder when 33804 is divided by 11216?
156
Calculate the remainder when 8360 is divided by 4153.
54
What is the remainder when 11697 is divided by 8?
1
Calculate the remainder when 2512860 is divided by 169.
168
What is the remainder when 149344 is divided by 251?
250
What is the remainder when 3594 is divided by 530?
414
Calculate the remainder when 5742 is divided by 307.
216
Calculate the remainder when 13612 is divided by 46.
42
Calculate the remainder when 804 is divided by 603.
201
Calculate the remainder when 9272 is divided by 47.
13
Calculate the remainder when 17355 is divided by 17283.
72
What is the remainder when 1540 is divided by 762?
16
Calculate the remainder when 32312 is divided by 16111.
90
What is the remainder when 943 is divided by 409?
125
Calculate the remainder when 930 is divided by 69.
33
What is the remainder when 1628293 is divided by 1154?
1153
Calculate the remainder when 550658 is divided by 22.
20
Calculate the remainder when 132597 is divided by 195.
192
Calculate the remainder when 5222 is divided by 1782.
1658
What is the remainder when 35176 is divided by 129?
88
Calculate the remainder when 270 is divided by 33.
6
Calculate the remainder when 3914994 is divided by 1250.
1244
Calculate the remainder when 33566 is divided by 381.
38
Calculate the remainder when 189730 is divided by 388.
386
Calculate the remainder when 17702 is divided by 7.
6
What is the remainder when 81579 is divided by 19?
12
What is the remainder when 367693 is divided by 6685?
18
Calculate the remainder when 24182 is divided by 29.
25
What is the remainder when 1446223 is divided by 36?
31
What is the remainder when 3717 is divided by 180?
117
What is the remainder when 93828 is divided by 31263?
39
What is the remainder when 250168 is divided by 62?
60
Calculate the remainder when 10052 is divided by 347.
336
What is the remainder when 2130 is divided by 174?
42
Calculate the remainder when 265634 is divided by 53.
51
What is the remainder when 92850 is divided by 50?
0
Calculate the remainder when 2354 is divided by 1156.
42
What is the remainder when 357820 is divided by 22363?
12
Calculate the remainder when 9232 is divided by 171.
169
What is the remainder when 1390 is divided by 684?
22
What is the remainder when 816 is divided by 183?
84
Calculate the remainder when 13598 is divided by 73.
20
Calculate the remainder when 170110 is divided by 384.
382
What is the remainder when 29085 is divided by 285?
15
What is the remainder when 164 is divided by 119?
45
What is the remainder when 45886 is divided by 15285?
31
What is the remainder when 1693 is divided by 451?
340
Calculate the remainder when 12892 is divided by 767.
620
What is the remainder when 25409 is divided by 42?
41
What is the remainder when 188787 is divided by 145?
142
Calculate the remainder when 204247 is divided by 309.
307
Calculate the remainder when 4807 is divided by 108.
55
Calculate the remainder when 3955 is divided by 1922.
111
Calculate the remainder when 4865 is divided by 20.
5
What is the remainder when 14213 is divided by 23?
22
What is the remainder when 22435 is divided by 22426?
9
What is the remainder when 124951 is divided by 142?
133
Calculate the remainder when 29983 is divided by 9989.
16
Calculate the remainder when 3548 is divided by 132.
116
Calculate the remainder when 22304 is divided by 78.
74
Calculate the remainder when 12868 is divided by 925.
843
What is the remainder when 1100732 is divided by 191?
190
What is the remainder when 5024 is divided by 25?
24
What is the remainder when 18617 is divided by 810?
797
Calculate the remainder when 62503 is divided by 2976.
7
What is the remainder when 39686 is divided by 630?
626
Calculate the remainder when 20231 is divided by 2056.
1727
What is the remainder when 2099 is divided by 2084?
15
Calculate the remainder when 13781 is divided by 3.
2
What is the remainder when 41317 is divided by 10?
7
What is the remainder when 42329 is divided by 189?
182
Calculate the remainder when 6480 is divided by 34.
20
Calculate the remainder when 2825 is divided by 947.
931
Calculate the remainder when 5051 is divided by 319.
266
Calculate the remainder when 615497 is divided by 652.
9
What is the remainder when 480795 is divided by 373?
371
Calculate the remainder when 42874 is divided by 14172.
358
Calculate the remainder when 5277 is divided by 120.
117
Calculate the remainder when 74413 is divided by 12396.
37
Calculate the remainder when 5572272 is divided by 47.
46
What is the remainder when 24386 is divided by 325?
11
Calculate the remainder when 10033 is divided by 1973.
168
What is the remainder when 16947 is divided by 38?
37
What is the remainder when 30424 is divided by 1788?
28
What is the remainder when 2305 is divided by 661?
322
What is the remainder when 104228 is divided by 19?
13
What is the remainder when 932434 is divided by 7?
6
What is the remainder when 370539 is divided by 194?
193
What is the remainder when 10701 is divided by 755?
131
Calculate the remainder when 25306 is divided by 86.
22
Calculate the remainder when 7778 is divided by 706.
12
Calculate the remainder when 2942 is divided by 2727.
215
What is the remainder when 1145548 is divided by 66?
52
Calculate the remainder when 132389 is divided by 494.
491
Calculate the remainder when 585 is divided by 155.
120
Calculate the remainder when 10901 is divided by 65.
46
What is the remainder when 27316 is divided by 13?
3
What is the remainder when 16282 is divided by 48?
10
Calculate the remainder when 35804 is divided by 1882.
46
What is the remainder when 1551 is divided by 1377?
174
Calculate the remainder when 727 is divided by 235.
22
Calculate the remainder when 277496 is divided by 392.
352
What is the remainder when 222277 is divided by 45?
22
What is the remainder when 5664 is divided by 92?
52
Calculate the remainder when 5870 is divided by 8.
6
What is the remainder when 3428 is divided by 10?
8
Calculate the remainder when 286183 is divided by 443.
5
What is the remainder when 202402 is divided by 202397?
5
Calculate the remainder when 1553 is divided by 226.
197
Calculate the remainder when 14258 is divided by 719.
597
What is the remainder when 1320 is divided by 747?
573
What is the remainder when 75214 is divided by 37607?
0
Calculate the remainder when 3538 is divided by 271.
15
Calculate the remainder when 1738 is divided by 193.
1
What is the remainder when 37610 is divided by 171?
161
What is the remainder when 110938 is divided by 86?
84
Calculate the remainder when 482 is divided by 10.
2
What is the remainder when 32725 is divided by 114?
7
What is the remainder when 119561 is divided by 284?
281
Calculate the remainder when 102808 is divided by 17134.
4
Calculate the remainder when 3316 is divided by 1078.
82
What is the remainder when 48345 is divided by 87?
60
What is the remainder when 93837 is divided by 209?
205
What is the remainder when 10204 is divided by 637?
12
Calculate the remainder when 561979 is divided by 19.
16
Calculate the remainder when 20242 is divided by 9775.
692
Calculate the remainder when 5043 is divided by 4944.
99
Calculate the remainder when 149 is divided by 66.
17
What is the remainder when 10261 is divided by 181?
125
Calculate the remainder when 5250 is divided by 132.
102
Calculate the remainder when 24526 is divided by 16.
14
What is the remainder when 22031 is divided by 4?
3
Calculate the remainder when 769373 is divided by 31.
15
What is the remainder when 18227 is divided by 294?
293
Calculate the remainder when 195 is divided by 69.
57
Calculate the remainder when 5555